-5
Let m be ((-5)/(-15))/(2/30). Let d(s) = 9*s**3 - 8*s**3 - m - 5*s**2 + 35*s - 41*s. Suppose -2*j + 10 + 0 = 2*w, 3*w - 17 = -j. Calculate d(w).
-5
Let y(k) = k**3 - 3*k**2 - 12*k - 10. Suppose 0 = 2*j, -31 = 3*o + 5*j - 46. Calculate y(o).
-20
Let v(c) = 4*c**2 + 2*c**2 - c**3 - 166*c + 108*c + 58*c + 1. Suppose 5*i = 2*k + 34, -4*i + k + 30 = 4. Give v(i).
1
Suppose 0 = 2*q + a - 5, 20 = -5*q + 324*a - 320*a. Let v(r) = r**3 - 9*r - 4. What is v(q)?
-4
Let d(p) = -25*p + 8. Let z(m) = 39*m - 12. Let i(g) = 7*d(g) + 5*z(g). Determine i(-2).
-44
Let l(m) = 13*m**2 - 47*m - 10. Let o(r) = -10*r**2 + 2*r - 2. Let d(c) = -l(c) - 2*o(c). Calculate d(-6).
8
Let y(f) be the third derivative of f**4/12 + f**3/6 + 25*f**2. Let l(u) = 4. Let v(m) = -l(m) - y(m). Give v(-4).
3
Let w(f) = f**3 - 5*f**2 + 2*f. Let t be 323/5 + (-54)/90. Let a = 69 - t. Calculate w(a).
10
Let t = -17358 - -17356. Let k(d) = -d**3 - 3*d**2 - 7*d - 4. Give k(t).
6
Suppose 3*k - 4*k = -5*s - 6, -96 = -5*k + 3*s. Let j(o) = -905*o**2 - 657*o**2 + 1563*o**2 - 6 - 8 - 20*o. Calculate j(k).
7
Let l(n) = -n**3 + n - 1. Let v(y) = -3*y**3 - 6*y**2 + 20*y - 16. Let b(i) = 4*l(i) - v(i). Calculate b(5).
-43
Let b(m) = m**2 + 21*m + 35. Suppose 4650*f = 4618*f - 640. Give b(f).
15
Suppose 0 = 3*o + 4*w + 7, -4*o + 0*w = -4*w. Let u be (4 + 16/(-6))/(o/(-3)). Let t(r) = r**2 - 6*r + 5. Determine t(u).
-3
Let t(g) = -31*g**2 - g. Let v(s) = -7*s - 37. Let i be v(-6). Suppose 4*k - 2*o = -21 + 17, 4*o = -i*k + 21. Calculate t(k).
-32
Let f(t) = t**3 - 9*t**2 + 8*t - 7. Let y = 2 + 58. Let w = 19359 - 19364. Let u be 24/y - 38/w. What is f(u)?
-7
Let v(i) be the second derivative of -1/2*i**3 - 77*i + 3/2*i**2 + 0. Give v(2).
-3
Let s(a) = a**2 - 6*a + 3. Let z(k) = -2*k**2 + 11*k - 6. Let h(t) = -5*s(t) - 3*z(t). Suppose -192 = 11*i - 59*i. Calculate h(i).
7
Suppose -134 = 71*r + 576. Let y(z) = -z**3 - 8*z**2 + 23*z - 1. Calculate y(r).
-31
Let g(w) = 125*w + w**3 - 122*w + 241 - 257 + 9*w**2. Give g(-9).
-43
Let j(y) = 16*y + 2. Let o(a) = 63*a - 3. Let k(u) = 4*j(u) - o(u). Give k(-6).
5
Let r = 13 - 12. Let w be 4/6 - (r - 52/12). Let s(y) = -y + 2. Determine s(w).
-2
Let g(d) = -d - 6. Let y be 2/4*(5 - -23). Let h be (-2 + 20/y)*7/2. Calculate g(h).
-4
Let s be 4 + 1 + 0 + 0. Let k(j) = s - 55*j + 106*j - 52*j. Determine k(6).
-1
Let n(y) be the first derivative of -y**4/4 - 4*y**3 + 17*y**2/2 - 18*y - 272. Give n(-13).
-70
Let p = 30 - 341. Let f = p + 311. Let w(v) be the third derivative of v**6/120 + v**5/60 - v**4/24 - v**3/2 - 4*v**2. Calculate w(f).
-3
Let x = -10057 - -10057. Let z(u) = -194*u - 3. Determine z(x).
-3
Suppose 83 = 18*b - 25. Let z(g) = 7 + b*g**3 + 9*g**2 - g - 7*g**3 + 0. What is z(9)?
-2
Let j(l) = -9*l**2 - 4*l + 7. Let t be (0 + (-3)/4)/(2/(-4))*-2. What is j(t)?
-62
Let s(d) be the first derivative of -d**3/3 - 10*d**2 - 102*d + 1693. What is s(-9)?
-3
Let t = 132 - 72. Let p be 23/4 - t/80. Let f(q) = -88 + 7*q**2 - p*q + 93 - 2*q**3 + q**3 - 2*q. What is f(6)?
-1
Let u(z) = z**3 - 7*z**2 - 8*z - 5. Suppose 3*k + 0*k = 693. Let n = -223 + k. Give u(n).
-5
Suppose 4*p - 42 = 2. Let b(l) = -592 + 5*l**3 - 11*l**2 + 294 - 4*l**3 + 299 - l. Give b(p).
-10
Let a(k) = 10*k + 26. Let f(m) = 2. Let b(p) = a(p) - 12*f(p). Let g be (-20)/(-5 + 1) - (48 + -44). Determine b(g).
12
Let s(q) = -21*q**2 + 131*q + 31. Let c(m) = 6*m**2 - 37*m - 10. Let f(h) = -10*c(h) - 3*s(h). Calculate f(7).
-7
Let u(a) = a**3 + 3*a**2 + 2. Suppose 4 = 5*d - 26. Suppose -19 = 5*j + m, -4*j - 3*m + d*m = 0. What is u(j)?
2
Let s(h) = h**2 + 3*h - 2. Let t be s(-3). Suppose 0 = m - 2*d - 7, 4*d = -5*m - 0*m + 7. Let q(a) = -a**3 + 3*a + m + 1326*a**2 - 1326*a**2. Calculate q(t).
5
Let x(p) = p**2 - 54*p - 1. Let i(n) = 13*n**2 - 271*n - 1. Let u(a) = i(a) - 5*x(a). Calculate u(2).
34
Let k(r) = 3*r**2 - 28*r + 13*r - 2 + 14*r - 4*r**2. Let i(c) = -3*c**2 - 6*c. Let n(o) = i(o) - k(o). Give n(-4).
-10
Suppose 0 = -6*h + 16 - 28. Let s(q) be the third derivative of 0 - 5*q**2 - 1/6*q**3 - 1/8*q**4 + 0*q - 1/20*q**5. What is s(h)?
-7
Suppose 0 = 22*s + 121 - 171 + 116. Let y(f) = -f + 3. Determine y(s).
6
Let a(j) be the second derivative of -7*j**3/6 - 5*j**2/2 - 246*j. Let s be 754/(-182) - 2/(-14). Determine a(s).
23
Let n(u) be the first derivative of u**2 - 33 - 2/3*u**3 + 5/4*u**4 + 0*u. Determine n(1).
5
Let r(z) be the third derivative of z**4/4 - 11*z**3/3 + 1051*z**2 + z. Determine r(-11).
-88
Suppose 17 - 15 = 2*k. Let c(q) = 190 - q - 574 + 199 + 188. Give c(k).
2
Let a = -6 + 0. Let t be (12/a)/((-1)/4). Let q(w) = -4 - w**2 - 268*w - 275*w - 3 + 551*w. What is q(t)?
-7
Let a = 18 + -10. Suppose -a*w - 12 = -9*w. Let j(l) = -l**2 + 10*l + 15. Calculate j(w).
-9
Let g(v) = -2*v**2 + 18*v + 24. Let r be g(10). Suppose 0*p + 20 = r*p, x = 2*p - 12. Let o(s) = 3*s**2 - 3*s - 2. Determine o(x).
16
Let t(y) = 110*y - 323*y - 202 + 102*y + 116*y. What is t(39)?
-7
Let m be (-2 - -2) + -17 + 4. Let f(z) = 6 - 5 + 2*z - z + 14 + 0*z. What is f(m)?
2
Let o(y) be the second derivative of 0 + 2*y + y**2 - 1/2*y**3. Suppose 19 + 92 = -10*d + 47*d. Give o(d).
-7
Suppose k + 5*k - 348 = 0. Let d = 63 - k. Let i(w) = -7*w + d*w + w - 1. Determine i(3).
-4
Let g(x) = 29*x**2 - 527 - 569 + 3*x - 148*x**2 + 1100. Calculate g(-1).
-118
Let u(r) = 76*r + 3. Let h(k) = -90*k - 3. Let i(z) = 6*h(z) + 7*u(z). Give i(-4).
35
Suppose t = 2*t. Let b(v) = 0*v + 5 + t*v - v. Suppose 263*d + 1384 + 194 = 0. What is b(d)?
11
Let u(w) = -w**3 - 10*w**2 + 23*w - 12. Let m be u(-12). Let n(z) = -5*z**2 + 3*z**2 - 6*z**2 - 20 - z**3 + 9*z**2. Calculate n(m).
-20
Suppose 2*g - 12 = -4*p, -2*p = g + p - 6. Let u(s) = -s**2 - 6*s - 2. Let k be u(-5). Let i(y) = -6*y**2 + y - 6 + 0*y - g*y - 1 + y**k. Calculate i(7).
7
Suppose 1465 - 2294 = -549*z + 2465. Let b(o) = 0*o + o**3 + 4*o + 2*o - 7*o**2. Calculate b(z).
0
Let c = 47 - 43. Suppose d + 8 = -r - d, -26 = -3*r + c*d. Let s(h) = -h - 1 + h**3 + 0*h**2 + 6*h**3 - h**r + h**3. Determine s(-1).
-9
Let o(n) = -n**3 + n**2 + 34. Let g be -1 + -8 + 2 + 7. What is o(g)?
34
Suppose -5*h + 3*h = -16. Let n(m) = -m + 18*m**2 - h*m**2 + 6*m**2 - 1 - m. Give n(-1).
17
Let t(d) be the first derivative of -d**4/4 - d**3 - d**2/2 + 3*d + 1072. Determine t(-3).
6
Suppose -80*x = -81*x + 4. Let k(a) = -6*a + x*a**2 - 2*a**2 - a**2 + 1 + 0*a. What is k(5)?
-4
Let w(b) = -b. Let o be (-17)/(-170)*(11 - 1). Let x(j) = j**3 - 9*j**2 - 6*j - 11. Let f(i) = o*x(i) - 4*w(i). Determine f(9).
-29
Suppose -3*l = -5*y + 204, y - 2*l - 52 = -14. Suppose -8*w + 2*w = -y. Let b(u) = 10*u - 2 + 5*u - 17*u + 1. Give b(w).
-15
Let h(q) = -3*q + 34. Let u(z) = 3*z - 31. Suppose 9*l + 19 = 64. Let o(n) = l*u(n) + 4*h(n). Give o(8).
5
Let r(j) = 13*j**2 + 4*j - 3. Let a = 11 - 16. Let q(s) = 6*s**2 + 2*s - 1. Let i(k) = a*q(k) + 2*r(k). Let w(p) = 20*p - 281. Let m be w(14). Determine i(m).
-3
Let f be (3/1)/1 - -4. Suppose f*l - 20 = -6. Let w(x) = -l + 5*x - 8 + 2 + x**2 + 0*x. Give w(-7).
6
Let u = 5795 - 5789. Suppose -4*k - 3 = -19. Let t(v) = 118*v - 2 - v**2 - 112*v - k. Determine t(u).
-6
Suppose -2*q + 4 = 0, 2*q + 51 = 4*x - 525. Let o = -146 + x. Let h(a) = 8*a**2 - 2*a - 1. Give h(o).
9
Let z(w) = w**3 + 8*w**2 - 7*w - 7. Let g(h) = -h**2 + h - 1. Let p(x) = -2*g(x) - z(x). Let i(y) = y**3 + 8*y**2 - 87*y - 703. Let t be i(-8). What is p(t)?
23
Let l(a) be the first derivative of 0*a**3 + 11*a + 1/4*a**4 - 80 - 1/2*a**2. Determine l(0).
11
Let u(q) = q**3 - 6*q**2 - 7*q + 4. Let i = -1718 - -1725. Determine u(i).
4
Let x(g) = -3*g**3 + 20 - 10*g**2 - 3 + 1619*g + 4*g**3 - 1596*g. Determine x(6).
11
Let g(r) = -124 - 137*r + 41*r + 49*r + 44*r + 85. Give g(-11).
-6
Let t(z) = -4*z**2 + 3*z. Let x = 12 + -12. Let w be 15/1 - (-1 - 3 - x). Let a = w - 17. What is t(a)?
-10
Suppose -3*k - 3 = 0, -14*d - 3 = -9*d - 12*k. Let a(h) = -h**2 - 2 - 4*h**2 + 2*h**2 + 0*h**3 - h**3. Determine a(d).
-2
Suppose -99*n + 16 = -19 + 35. Let i(v) be the second derivative of n + 2/3*v**4 - 1/20*v**5 - 7/2*v**2 - 40*v + 1/6*v**3. What is i(8)?
1
Let j(u) = -u**2 - 3*u + 1. Let s(y) = y**2 + 6*y. Let t(b) = -2*j(b) - s(b). Suppose -5*v - 2 = 2*z, -10 = 4*v - 5*z + 18. Calculate t(v).
2
Suppose 